1 a factor of 692?
False
Is 23 a factor of 1035?
True
Is 32 a factor of 4140?
False
Is 25 a factor of 275?
True
Does 231 divide 51051?
True
Is 25 a factor of 2710?
False
Is 18 a factor of 4097?
False
Does 27 divide 2642?
False
Does 3 divide 105?
True
Is 21 a factor of 851?
False
Is 255 a factor of 15294?
False
Does 66 divide 35346?
False
Is 128 a multiple of 26?
False
Does 12 divide 22626?
False
Does 108 divide 2592?
True
Is 2 a factor of 57?
False
Is 943 a multiple of 16?
False
Does 5 divide 938?
False
Is 81 a factor of 22113?
True
Is 14 a factor of 3959?
False
Does 46 divide 1200?
False
Does 105 divide 1785?
True
Is 3 a factor of 29307?
True
Is 892 a multiple of 12?
False
Is 104 a factor of 5200?
True
Does 468 divide 15444?
True
Is 1020 a multiple of 27?
False
Does 8 divide 17016?
True
Is 20 a factor of 4842?
False
Does 55 divide 8690?
True
Does 11 divide 137?
False
Is 533 a multiple of 13?
True
Is 4508 a multiple of 14?
True
Is 146 a factor of 18542?
True
Does 16 divide 12752?
True
Is 71 a multiple of 71?
True
Is 2 a factor of 92?
True
Is 1545 a multiple of 29?
False
Does 137 divide 15246?
False
Is 768 a multiple of 32?
True
Is 13 a factor of 16666?
True
Is 14280 a multiple of 17?
True
Does 34 divide 680?
True
Is 75 a factor of 5100?
True
Is 24 a factor of 70752?
True
Is 5865 a multiple of 172?
False
Is 22052 a multiple of 148?
True
Is 39 a factor of 2091?
False
Is 11 a factor of 163?
False
Is 190 a factor of 48787?
False
Is 2 a factor of 124?
True
Is 2635 a multiple of 2?
False
Does 32 divide 448?
True
Is 18564 a multiple of 42?
True
Is 624 a multiple of 48?
True
Is 2755 a multiple of 19?
True
Is 69 a factor of 8213?
False
Does 18 divide 1332?
True
Does 2 divide 4715?
False
Is 40 a factor of 3960?
True
Does 36 divide 1476?
True
Is 104 a factor of 45103?
False
Does 217 divide 46264?
False
Is 8148 a multiple of 35?
False
Is 715 a multiple of 11?
True
Does 28 divide 2117?
False
Is 3 a factor of 171?
True
Is 36 a factor of 8548?
False
Does 10 divide 9069?
False
Is 15 a factor of 16785?
True
Is 49 a multiple of 22?
False
Is 10 a factor of 176?
False
Is 35708 a multiple of 20?
False
Does 6 divide 4581?
False
Is 9372 a multiple of 119?
False
Does 42 divide 6740?
False
Is 3236 a multiple of 46?
False
Is 94 a multiple of 23?
False
Is 12 a factor of 1140?
True
Is 611 a multiple of 3?
False
Does 16 divide 6805?
False
Is 429 a multiple of 39?
True
Does 22 divide 358?
False
Is 139 a multiple of 13?
False
Does 378 divide 33642?
True
Is 5 a factor of 23571?
False
Is 46 a factor of 35604?
True
Is 4 a factor of 1882?
False
Does 37 divide 549?
False
Is 40 a factor of 120?
True
Is 42851 a multiple of 73?
True
Is 1005 a multiple of 15?
True
Is 23396 a multiple of 34?
False
Is 14 a factor of 1162?
True
Is 8594 a multiple of 20?
False
Is 22742 a multiple of 161?
False
Does 127 divide 16256?
True
Does 10 divide 31750?
True
Is 11 a factor of 1163?
False
Is 6 a factor of 7620?
True
Does 7 divide 34704?
False
Does 88 divide 1655?
False
Is 26983 a multiple of 12?
False
Does 92 divide 8781?
False
Does 10 divide 140?
True
Does 53 divide 2158?
False
Is 24 a factor of 2184?
True
Does 20 divide 3580?
True
Does 4 divide 17734?
False
Is 16 a factor of 3136?
True
Does 5 divide 13640?
True
Is 85 a factor of 1190?
True
Does 9 divide 3879?
True
Does 18 divide 1092?
False
Is 602 a multiple of 16?
False
Is 462 a multiple of 6?
True
Is 3414 a multiple of 77?
False
Does 19 divide 63973?
True
Is 28 a factor of 45812?
False
Is 80 a factor of 11920?
True
Is 80 a factor of 38240?
True
Is 3959 a multiple of 31?
False
Is 121 a factor of 2509?
False
Is 18928 a multiple of 169?
True
Is 19822 a multiple of 22?
True
Is 3078 a multiple of 27?
True
Does 15 divide 14745?
True
Is 10064 a multiple of 37?
True
Is 121 a factor of 7293?
False
Is 4 a factor of 500?
True
Does 238 divide 25942?
True
Is 1164 a multiple of 6?
True
Does 35 divide 48405?
True
Is 139 a multiple of 12?
False
Is 13563 a multiple of 29?
False
Does 54 divide 1026?
True
Is 2407 a multiple of 124?
False
Is 58 a factor of 50894?
False
Is 2424 a multiple of 7?
False
Does 10 divide 1520?
True
Does 20 divide 2316?
False
Does 14 divide 1722?
True
Is 24598 a multiple of 98?
True
Does 54 divide 810?
True
Does 20 divide 829?
False
Is 336 a multiple of 48?
True
Is 51 a factor of 1054?
False
Is 12 a factor of 69?
False
Does 6 divide 3858?
True
Is 43 a factor of 7874?
False
Is 2054 a multiple of 9?
False
Is 11 a factor of 2574?
True
Is 8550 a multiple of 45?
True
Is 9193 a multiple of 123?
False
Is 32 a factor of 864?
True
Is 13257 a multiple of 3?
True
Does 112 divide 516?
False
Is 55501 a multiple of 9?
False
Is 35137 a multiple of 41?
True
Does 103 divide 14192?
False
Is 6165 a multiple of 14?
False
Is 12400 a multiple of 80?
True
Is 200 a multiple of 3?
False
Is 1104 a multiple of 81?
False
Is 2808 a multiple of 27?
True
Is 11 a factor of 1336?
False
Is 8 a factor of 320?
True
Is 4 a factor of 1816?
True
Is 4 a factor of 92?
True
Does 26 divide 1222?
True
Does 20 divide 21945?
False
Is 32 a factor of 19934?
False
Is 2822 a multiple of 13?
False
Is 34 a factor of 1619?
False
Is 5 a factor of 4092?
False
Does 5 divide 95?
True
Does 18 divide 1233?
False
Is 520 a multiple of 26?
True
Is 190 a factor of 1140?
True
Does 25 divide 2525?
True
Is 900 a multiple of 36?
True
Does 13 divide 689?
True
Is 7822 a multiple of 62?
False
Is 234 a multiple of 6?
True
Is 19 a factor of 950?
True
Is 947 a multiple of 20?
False
Is 40 a factor of 1110?
False
Does 4 divide 2427?
False
Is 10 a factor of 195?
False
Is 17 a factor of 773?
False
Is 243 a multiple of 13?
False
Is 130 a factor of 2860?
True
Does 176 divide 149600?
True
Is 616 a multiple of 2?
True
Is 38 a factor of 3942?
False
Is 11 a factor of 528?
True
Does 21 divide 168?
True
Is 967 a multiple of 40?
False
Is 14 a factor of 31010?
True
Is 16 a factor of 916?
False
Is 5 a factor of 3910?
True
Does 12 divide 33672?
True
Is 9 a multiple of 5?
False
Is 3 a factor of 72?
True
Is 10580 a multiple of 179?
False
Is 4 a factor of 455?
False
Does 12 divide 106718?
False
Is 2394 a multiple of 38?
True
Is 19 a factor of 99?
False
Does 8 divide 729?
False
Is 68835 a multiple of 65?
True
Does 28 divide 405?
False
Is 253 a multiple of 4?
False
Does 69 divide 28980?
True
Does 253 divide 42406?
False
Is 10130 a multiple of 245?
False
Is 7 a factor of 32207?
True
Is 5833 a multiple of 20?
False
Does 33 divide 100617?
True
Is 27401 a multiple of 21?
False
Does 33 divide 420?
False
Is 1204 a multiple of 9?
False
Does 7 divide 2373?
True
Does 23 divide 4094?
True
Does 4 divide 7248?
True
Does 179 divide 55051?
False
Does 7 divide 2674?
True
Is 4831 a multiple of 92?
False
Does 26 divide 5902?
True
Does 10 divide 11990?
True
Is 1176 a multiple of 34?
False
Is 94 a factor of 1128?
True
Is 551 a multiple of 15?
False
Does 90 divide 8364?
False
Is 1515 a multiple of 20?
False
Does 16 divide 4023?
False
Is 34 a factor of 2462?
False
Is 16331 a multiple of 74?
False
Is 1991 a multiple of 29?
False
Does 9 divide 82?
False
Does 7 divide 29218?
True
Is 10488 a multiple of 76?
True
Is 37872 a multiple of 12?
True
Does 5 divide 4887?
False
Does 28 divide 89180?
True
Does 3 divide 12228?
True
Does 2 divide 151?
False
Does 42 divide 4284?
True
Does 70 divide 3360?
True
Does 5 divide 55?
True
Is 221 a multiple of 4?
False
Is 119 a multiple of 7?
True
Is 133 a factor of 28211?
False
Does 9 divide 167?
False
Does 32 divide 218?
False
Is 26 a factor of 7320?
False
Is 1558 a multiple of 5?
False
Is 40144 a multiple of 26?
True
Is 3877 even?
False
Does 86 divide 15969?
False
Is 42 a factor of 126?
True
Does 3 divide 162?
True
Does 27 divide 486?
True
Is 24 a factor of 1080?
True
Is 7 a factor of 112?
True
Does 14 divide 7040?
False
Does 64 divide 4288?
True
Is 44 a factor of 751?
False
Does 11 divide 19717?
False
Is 13 a factor of 23118?
False
Is 29 a factor of 10005?
True
Is 183 a multiple of 61?
True
Is 21210 a multiple of 303?
True
Is 6342 a multiple of 38?
False
Is 22 a factor of 14538?
False
Is 3379 a multiple of 31?
True
Is 11 a multiple of 11?
True
Is 4 a factor of 1102?
False
Does 57 divide 16861?
False
Is 5 a factor of 1270?
True
Does 4 divide 324?
True
Does 11 divide 174?
False
Is 255 a factor of 19971?
False
Is 270 a 